divided by 565?
468
What is the remainder when 656305 is divided by 36?
25
Calculate the remainder when 6788 is divided by 2.
0
Calculate the remainder when 32808 is divided by 386.
384
What is the remainder when 333845 is divided by 193?
148
Calculate the remainder when 4103 is divided by 1363.
14
Calculate the remainder when 813388 is divided by 58.
54
What is the remainder when 10821 is divided by 14?
13
Calculate the remainder when 2761 is divided by 181.
46
Calculate the remainder when 5359 is divided by 198.
13
What is the remainder when 5373 is divided by 2685?
3
What is the remainder when 20280 is divided by 390?
0
What is the remainder when 5988 is divided by 12?
0
Calculate the remainder when 1364 is divided by 19.
15
What is the remainder when 1167 is divided by 137?
71
What is the remainder when 43978 is divided by 61?
58
Calculate the remainder when 269100 is divided by 300.
0
Calculate the remainder when 7441 is divided by 437.
12
What is the remainder when 751449 is divided by 4?
1
What is the remainder when 6034 is divided by 285?
49
Calculate the remainder when 22427 is divided by 8.
3
What is the remainder when 90203 is divided by 180?
23
What is the remainder when 19529 is divided by 142?
75
What is the remainder when 249086 is divided by 28?
26
What is the remainder when 196232 is divided by 474?
470
Calculate the remainder when 57906 is divided by 57899.
7
Calculate the remainder when 50128 is divided by 16707.
7
Calculate the remainder when 2599 is divided by 109.
92
Calculate the remainder when 352872 is divided by 440.
432
Calculate the remainder when 101080 is divided by 1279.
39
Calculate the remainder when 566908 is divided by 36.
16
What is the remainder when 22344 is divided by 7434?
42
Calculate the remainder when 28349 is divided by 28338.
11
What is the remainder when 235838 is divided by 58956?
14
Calculate the remainder when 158979 is divided by 68.
63
What is the remainder when 2078257 is divided by 91?
90
What is the remainder when 1114379 is divided by 44?
35
Calculate the remainder when 113824 is divided by 35.
4
Calculate the remainder when 5992 is divided by 103.
18
Calculate the remainder when 13280 is divided by 5534.
2212
Calculate the remainder when 32691 is divided by 16199.
293
Calculate the remainder when 5616 is divided by 2724.
168
What is the remainder when 77853 is divided by 53?
49
What is the remainder when 62698 is divided by 1163?
1059
What is the remainder when 2655185 is divided by 101?
97
Calculate the remainder when 167851 is divided by 5245.
11
Calculate the remainder when 27764277 is divided by 90.
87
What is the remainder when 163286 is divided by 563?
16
What is the remainder when 9241611 is divided by 81?
78
What is the remainder when 3243299 is divided by 60?
59
Calculate the remainder when 56076 is divided by 152.
140
Calculate the remainder when 2297125 is divided by 7.
5
Calculate the remainder when 82037 is divided by 65.
7
Calculate the remainder when 434 is divided by 5.
4
Calculate the remainder when 733 is divided by 128.
93
Calculate the remainder when 40002 is divided by 19985.
32
What is the remainder when 122267 is divided by 7?
5
What is the remainder when 54832 is divided by 2885?
17
What is the remainder when 83188 is divided by 104?
92
Calculate the remainder when 486 is divided by 161.
3
Calculate the remainder when 1918 is divided by 111.
31
What is the remainder when 23786 is divided by 119?
105
Calculate the remainder when 1840 is divided by 426.
136
Calculate the remainder when 540 is divided by 104.
20
Calculate the remainder when 29615 is divided by 502.
499
What is the remainder when 329618 is divided by 10?
8
Calculate the remainder when 39854 is divided by 15.
14
What is the remainder when 1512008 is divided by 284?
276
What is the remainder when 7657 is divided by 15?
7
What is the remainder when 27503 is divided by 39?
8
What is the remainder when 27265 is divided by 13376?
513
Calculate the remainder when 3534 is divided by 8.
6
Calculate the remainder when 883903 is divided by 605.
603
Calculate the remainder when 11075 is divided by 3646.
137
What is the remainder when 260271 is divided by 16?
15
Calculate the remainder when 1934 is divided by 156.
62
Calculate the remainder when 10475 is divided by 149.
45
What is the remainder when 19836 is divided by 9910?
16
What is the remainder when 128420 is divided by 12?
8
What is the remainder when 316210 is divided by 105400?
10
What is the remainder when 12156 is divided by 27?
6
Calculate the remainder when 49550 is divided by 9.
5
Calculate the remainder when 26161 is divided by 82.
3
What is the remainder when 620 is divided by 57?
50
Calculate the remainder when 27198 is divided by 1131.
54
Calculate the remainder when 3805 is divided by 632.
13
Calculate the remainder when 1167261 is divided by 24.
21
What is the remainder when 2537 is divided by 2485?
52
What is the remainder when 41214 is divided by 41076?
138
Calculate the remainder when 10368 is divided by 11.
6
Calculate the remainder when 3682291 is divided by 214.
207
What is the remainder when 2106824 is divided by 702271?
11
What is the remainder when 10632 is divided by 13?
11
What is the remainder when 143609 is divided by 542?
521
What is the remainder when 4531 is divided by 4488?
43
What is the remainder when 124702 is divided by 96?
94
What is the remainder when 493 is divided by 493?
0
What is the remainder when 14742 is divided by 737?
2
Calculate the remainder when 27320 is divided by 64.
56
What is the remainder when 1039 is divided by 120?
79
Calculate the remainder when 21686 is divided by 10787.
112
Calculate the remainder when 3358 is divided by 3295.
63
Calculate the remainder when 1447 is divided by 118.
31
What is the remainder when 42741 is divided by 3560?
21
Calculate the remainder when 655 is divided by 52.
31
Calculate the remainder when 1019 is divided by 756.
263
Calculate the remainder when 37021 is divided by 1090.
1051
What is the remainder when 604 is divided by 279?
46
Calculate the remainder when 74349 is divided by 12372.
117
What is the remainder when 13866 is divided by 3443?
94
What is the remainder when 42610 is divided by 10633?
78
Calculate the remainder when 3400 is divided by 42.
40
What is the remainder when 3035 is divided by 341?
307
What is the remainder when 16441 is divided by 2730?
61
Calculate the remainder when 536841 is divided by 50.
41
Calculate the remainder when 267006 is divided by 107.
41
Calculate the remainder when 123941 is divided by 13.
12
Calculate the remainder when 10164 is divided by 9.
3
Calculate the remainder when 6082 is divided by 211.
174
Calculate the remainder when 128800 is divided by 250.
50
Calculate the remainder when 162484 is divided by 20307.
28
What is the remainder when 6293 is divided by 124?
93
What is the remainder when 9957 is divided by 178?
167
What is the remainder when 65438 is divided by 89?
23
What is the remainder when 135338 is divided by 135326?
12
What is the remainder when 1094768 is divided by 860?
848
What is the remainder when 1106466 is divided by 7?
4
Calculate the remainder when 20034 is divided by 1675.
1609
What is the remainder when 4904 is divided by 491?
485
What is the remainder when 3640 is divided by 98?
14
What is the remainder when 3792 is divided by 1889?
14
Calculate the remainder when 31852 is divided by 15881.
90
Calculate the remainder when 1255623 is divided by 8.
7
What is the remainder when 11179 is divided by 123?
109
What is the remainder when 871913 is divided by 87?
86
What is the remainder when 2665 is divided by 786?
307
Calculate the remainder when 17013 is divided by 515.
18
What is the remainder when 815 is divided by 115?
10
What is the remainder when 512123 is divided by 5690?
23
What is the remainder when 5550 is divided by 18?
6
Calculate the remainder when 48848 is divided by 273.
254
Calculate the remainder when 402127 is divided by 83.
75
Calculate the remainder when 868 is divided by 420.
28
Calculate the remainder when 3307 is divided by 68.
43
Calculate the remainder when 7996 is divided by 320.
316
What is the remainder when 4577 is divided by 172?
105
What is the remainder when 1607 is divided by 